1 = -2*r. Let k(u) = u**2 + 12*u + 33. List the prime factors of k(r).
3, 11
Suppose -2*f - 4*b + 123811 = b, -5*b = 5*f - 309490. What are the prime factors of f?
3, 13, 23
Let n be 1/(-2)*(-4 - -4)/3. Suppose n = 4*y - 3*i - 1402, -603 - 440 = -3*y - 2*i. List the prime factors of y.
349
List the prime factors of 2 - (((-25818)/(-9))/(-2))/(6/36).
2, 269
Let c = -329 - -203. Let u = 184 + c. List the prime factors of u.
2, 29
Let y = 335 - 35. Let j = y + -267. List the prime factors of j.
3, 11
Suppose -155*o + 146*o + 63621 = 0. What are the prime factors of o?
7069
Suppose h = -4*h + 445. Suppose -z - 4*x = -18, -2*z = -x + 2*x - 8. Suppose z*d - 95 - h = 0. List the prime factors of d.
2, 23
Let n(z) = z**3 + 12*z**2 + z + 9. Let r = 198 - 207. What are the prime factors of n(r)?
3
Let v(l) = 13*l - 42. Let k be v(5). Suppose 0 = -12*m + k*m - 187. List the prime factors of m.
17
Suppose -5*b + 0*b - y + 12 = 0, -2*b + 2*y = 0. Suppose -2 = -b*a, 1111 = -7*h + 12*h + a. What are the prime factors of h?
2, 3, 37
What are the prime factors of (-24 - -15)*((-11892)/(-9))/(-4)?
3, 991
Suppose -19037 - 3627 = -5*d - 3089. List the prime factors of d.
3, 5, 29
Suppose 532 = 2*z + 3*q, -9*q + 5*q + 271 = z. Let a = -121 - 5. Let b = a + z. What are the prime factors of b?
137
Let w(c) = -c - 2 - 2 - 3 - 1. Let n be w(-12). Suppose 2*l - z = n*l - 47, 91 = 4*l - z. List the prime factors of l.
23
Let u be 3*-3*32/(-144)*2. Suppose 1060 = -4*o + 2*x + x, -3*o = u*x + 795. What are the prime factors of (-2)/(o/263 - (10 + -11))?
263
Suppose 3*o + 144 = 3*c, 2*c - 5*o - 104 = -o. Let v = c - 36. Suppose x - 134 = 4*u, 653 = 5*x + 5*u + v. What are the prime factors of x?
2, 5, 13
Let r = 36 - 65. Let k = r + 30. List the prime factors of k/(-2) + ((-126)/(-12) - -2).
2, 3
List the prime factors of ((-10314)/45)/(-3)*120.
2, 3, 191
Let k(o) = -8*o + 1027 - 125*o**3 + 23*o**3 - 8*o**2 - 1030. List the prime factors of k(-2).
797
List the prime factors of (-408)/36*((-11364)/(-32))/(2/(-8)).
17, 947
Suppose -12*g + 7 = -13*g, -3*g = 3*k - 12837. What are the prime factors of k?
2, 2143
Suppose -9*p + 64 = 388. Let x be (2*p/8)/(4/(-144)). Let b = x - 141. What are the prime factors of b?
3, 61
Let h(r) = 13*r**3 - r**2 + 4*r - 4. Let v be h(4). Suppose -4*w + v = -4*d, 2*w + 3 - 11 = 0. Let f = -102 - d. What are the prime factors of f?
101
Suppose -22*o = -21*o + 10. Let v be (-11 + 3)*5/o. Suppose -2*s = 4*f - 298, 114 + 502 = v*s + 4*f. What are the prime factors of s?
3, 53
Suppose -15*q - 5*g + 664 = -12*q, -5*g = 2*q - 441. Let u = 446 - q. What are the prime factors of u?
223
Let j = -16 - 80. Let a = j + 96. Suppose a = 2*z + 3*o - 77 - 82, 2*z - 4*o - 194 = 0. List the prime factors of z.
3, 29
Suppose -190 = 5*s - 3*x, -118 = 3*s + x - 2*x. Let i = -35 - s. Suppose -i*h = -k - h + 112, -4*h = k - 139. List the prime factors of k.
127
Let g = 42462 + -12329. What are the prime factors of g?
30133
Let y(d) = 97*d**2 + 14*d + 15. Let m be y(-1). Suppose 4*a - 3*a - 5 = 0. Suppose a*o = 19*o - m. List the prime factors of o.
7
Suppose -4*n = -9*n, -6 = -3*o - 5*n. Suppose -405 = -o*s + 521. What are the prime factors of s?
463
List the prime factors of (-1 - -8) + 39 + 4694.
2, 3, 5, 79
What are the prime factors of ((-16)/16)/(1 - 3066/3067)*-1?
3067
Let k(h) = -h**3 - 13*h**2 + 14*h - 11. Suppose 0 = -3*t - 2*p - 52, -5*t - 60 = -4*p + 2*p. Let z be k(t). What are the prime factors of (-3)/(15/(-20)) - z?
3, 5
Let o(n) = -494*n - 2. Let j be o(-3). Suppose 49*x + j = 59*x. What are the prime factors of x?
2, 37
Let x be -1 + 40/4 + -1. Suppose -x*y + 1942 = -3418. What are the prime factors of y?
2, 5, 67
What are the prime factors of 4152*(270/(-324))/(4/(-6))?
2, 3, 5, 173
List the prime factors of 69380/3*(296/20 - 13).
2, 3, 3469
Suppose 2*p = -2*n + 16656, n - 4*p - 9355 + 1022 = 0. What are the prime factors of n?
8329
Let q = 1751 - -18459. List the prime factors of q.
2, 5, 43, 47
Let s = -416 - -904. List the prime factors of 68/(-306) + s/9.
2, 3
Let s(v) = 4*v**2 - v + 2. Let z be s(-2). Let l be (-3)/(-6 + (-81)/(-15)). Let c = z - l. List the prime factors of c.
3, 5
Let k = -82 + 84. Suppose k*v + 80 = 322. Suppose -50 - 71 = -m + 3*a, -m + v = -a. List the prime factors of m.
11
Let u(a) = 280*a + 2934. What are the prime factors of u(7)?
2, 2447
Suppose 20*u + 21*u = 91266. Let d = -934 + u. What are the prime factors of d?
2, 17, 19
Let k be ((-2)/(-6))/(3/(-1340 + -1)). Let a = k - -641. Suppose 3*r - a = -r - x, 3*x = 12. What are the prime factors of r?
2, 61
Let p be -26 - (6 + -4 - 5). Let l = 28 + p. Suppose 1 + 78 = l*z - 2*a, 32 = 2*z - a. What are the prime factors of z?
3, 5
Let p = -1244 - -2362. What are the prime factors of p?
2, 13, 43
Suppose -2*f + 0*m = 5*m + 5, -5*m = f. Let g(l) = -2*l - 10. Let n be g(f). Suppose 2*x + 8 = n, -3*x + 5 = -4*k + 5*k. List the prime factors of k.
17
Let q(a) = 3. Let y(i) = 6*i - 7. Let u(o) = -4*q(o) + y(o). List the prime factors of u(12).
53
Let s(n) = 21*n + 5469. What are the prime factors of s(-37)?
2, 3, 17, 23
List the prime factors of (-3 - 7/(-2))/(-28 + (-96060750)/(-3430740)).
57179
Suppose 0 = t + 4, 158 = 7*a - 2*a - 2*t. Let o(h) = 4*h - 10*h**3 - 4*h + 2 - a*h**3 + 2*h. List the prime factors of o(-1).
2, 5
Let a(w) = -w - 1. Let c be -1 + (0 - 16/4). Let t(s) = -28*s**2 + 13*s - 8. Let q(p) = c*a(p) - t(p). List the prime factors of q(2).
109
Suppose -z = w - 421, 728 + 539 = 3*z + w. Let n = 1185 - z. List the prime factors of n.
2, 3, 127
Let i = -7384 - -12161. What are the prime factors of i?
17, 281
What are the prime factors of 10 - (-23 + -25078 - 2)?
3, 11, 761
Let n = -22 - -30. Let y = -32 + 27. Let z = n + y. List the prime factors of z.
3
Let z(q) = -2*q + 17. Suppose -3*a + 17 + 7 = 0. Let h be z(a). What are the prime factors of 216/(-2)*h/(-2)?
2, 3
Suppose 4*a = -5*m - 2110, 3*m + 3*a + 422 = 2*m. Let k = 1025 + m. List the prime factors of k.
3, 67
Let n = -1100 - -1640. Let o = n + -264. What are the prime factors of o?
2, 3, 23
Let o(q) = -11*q + 108. Let s be o(10). Let b(n) = 2*n**2 + 0*n - 6*n**3 - 2 - n - n + n**3. List the prime factors of b(s).
2, 5
Let t be 0*(-11 + 4)/7. Suppose 189 = -3*z - 2*n + 910, t = 3*z - 4*n - 745. List the prime factors of z.
3
Let g = 10265 - -7318. List the prime factors of g.
3, 5861
Let g(d) = 73*d + 37. Let h be g(6). Let u = -333 + h. List the prime factors of u.
2, 71
Let l = 16081 + 7296. List the prime factors of l.
97, 241
Suppose g - 6*g = 2*o - 8047, 0 = 5*g + o - 8046. Suppose 5*u - 3*w - g = 0, -1286 = -6*u + 2*u + 3*w. List the prime factors of u.
17, 19
Suppose -2*s + 2*a = -2830, -a - 2664 - 4435 = -5*s. What are the prime factors of s?
7, 29
Let w(x) = 1454*x - 3626. List the prime factors of w(9).
2, 5, 11, 43
Let j(f) = f**2 - f + 1. Let t be j(2). Suppose 0 = t*o + 2*r - 6*r - 4652, -5*o - r = -7784. List the prime factors of o.
2, 389
Let r(j) = j**3 - 7*j**2 - 8*j + 14. Let w be r(7). List the prime factors of (-14)/w + (-3921)/(-9).
2, 109
Suppose -157*x + 1496 = -1202 - 599. What are the prime factors of x?
3, 7
Suppose z - j - 2*j - 14 = 0, -3*z + 6 = 3*j. Suppose 2*s - 1957 = -z*m, s + 0*m - 4*m = 972. List the prime factors of s.
2, 61
Let q(h) = 5*h**2 + 17*h + 74. Let i be q(-6). Suppose i = 4*p + 3*s, 4*p - 136 = -3*s + 4*s. List the prime factors of p.
5, 7
Let s be 12/(-32)*-2 - 3/4. Suppose -2*m + 3*q + 31 = s, m - 5*m - 5*q = -7. List the prime factors of (316/m)/(3/12).
2, 79
Let s = 10041 + -5820. List the prime factors of s.
3, 7, 67
Let o = 1450 + -2157. Let a = -393 - o. What are the prime factors of a?
2, 157
Let i be (-24)/(-4)*2/4. Let m be (2 - 1)/(-6*4/(-96)). Suppose m*h + 0*h - 410 = 2*y, i*h = -3*y + 285. What are the prime factors of h?
2, 5
Suppose -11*x + 46 = 211. List the prime factors of x/2*432/(-120).
3
Let g be -2 - (1 + -9 + 2). List the prime factors of (11/g)/(5 - (-1251)/(-252)).
7, 11
Let q be (-17)/((-170)/(-20220))*(-1)/3. Let g = q + 40. List the prime factors of g.
2, 3, 7, 17
Suppose 55*o - 22*o - 533736 = -193539. List the prime factors of o.
13, 61
Suppose -4*h - 3746 = -12590. Suppose 0 = 7*c - h + 377. What are the prime factors of c